56. Let c be u(16). What is the greatest common factor of c and 40?
40
Let c be 12 + -3 + 0 - 1. Calculate the highest common factor of c and 136.
8
Suppose 4*q - 9*q + 163 = 2*d, -d + 128 = 4*q. Let l be (-681)/(-2) + 1/2. What is the greatest common divisor of q and l?
31
Suppose -g - 533 = -4*p - 0*p, -3*g = -3*p + 411. Calculate the highest common divisor of p and 24.
12
Let o be (12/21)/2 - 819/(-49). Calculate the greatest common divisor of o and 986.
17
Let o(u) = 18*u**2 + 10*u + 2. Let i be o(1). What is the greatest common factor of 150 and i?
30
Suppose -5*k = -2*k - 162. Suppose 2*u - 5*f - 169 - 76 = 0, 2*u + f - 275 = 0. Calculate the greatest common divisor of u and k.
27
Let j(i) = -i**3 - 11*i**2 - 4*i + 30. Let t be j(-11). Let x = 122 - t. Calculate the highest common divisor of 16 and x.
16
Let p = -17 - -31. Suppose -p = -3*k + 13. Let s be 8*9/2*1. Calculate the greatest common factor of k and s.
9
Let t = 59 + -57. Suppose -g - 4 = 0, -g + t*g = 4*d - 324. Calculate the greatest common divisor of d and 16.
16
Let y = -177 + 205. Calculate the greatest common divisor of 238 and y.
14
Let m(q) = q**3 - 9*q**2 - 10*q + 10. Let r be m(10). Suppose 15*b - 17*b + r = 0. Let w = 79 + -39. Calculate the greatest common divisor of b and w.
5
Suppose 9*l - 1266 = -879. What is the greatest common divisor of 817 and l?
43
Suppose -4*d - 19 = -3*w, 0 = 2*w - 0*w + 3*d - 24. Suppose -4*j = -w*j + 575. Calculate the highest common factor of j and 23.
23
Let o(c) = c**3 - c**2 + 6 + 0*c**3 + 15 + 21. Let w be o(0). Suppose -i + w = i. Calculate the greatest common divisor of 3 and i.
3
Let b(l) = -13*l + 32. Let f(p) = -p**3 - 7*p**2 - 6*p + 4. Let t be f(-5). Let w be b(t). Calculate the highest common factor of w and 30.
30
Let l(u) = u**3 + 11*u**2 - 3*u - 29. Let b be l(-9). What is the greatest common factor of 288 and b?
32
Suppose 40*o = 3016 - 776. What is the highest common divisor of 448 and o?
56
Suppose i = -0*i + 8. Let t(h) = 2*h - 1. Let u be t(1). Let v = 3 + u. What is the highest common factor of i and v?
4
Let w = 76 + -111. Let q = 111 + w. Let i(p) = -4*p - 33. Let v be i(-13). What is the greatest common factor of q and v?
19
Suppose 0 = 2*x + i - 86, 0 = -5*x - 36*i + 31*i + 210. Calculate the greatest common divisor of 16 and x.
4
Let u(c) = -c**3 + 25*c**2 + 25*c - 50. Let b be u(25). Calculate the greatest common divisor of b and 23.
23
Let j = 337 + -329. What is the highest common divisor of j and 26?
2
Let u be 105/4 - 4/16. Suppose -205*o + 210*o = 195. What is the highest common factor of o and u?
13
Suppose 0*o - 3*o = -y - 5, -3*y + 5*o - 7 = 0. Let q be 11 + (y - 0) + 0. Let c be ((-2)/(-2))/((-3)/(-90)). What is the highest common factor of c and q?
6
Let x(n) be the first derivative of -9*n**2/2 - 21*n + 9. Let t be x(-13). What is the greatest common factor of 32 and t?
32
Let y = 844 - 831. Calculate the highest common factor of 260 and y.
13
Let q(b) = 80*b + 22. Let k be q(4). What is the highest common divisor of k and 18?
18
Suppose 2 = 4*s + 2*z, s - 3*z + 17 = -7*z. Suppose 0 = s*y - 61 - 35. Let p(q) = 160*q**2. Let h be p(1). Calculate the highest common factor of h and y.
32
Let m(l) = -8*l - 63. Let t be m(-36). What is the greatest common factor of t and 9?
9
Suppose 0 = -z + 1 + 119. What is the highest common divisor of 90 and z?
30
Let d = -809 - -853. Let k = -7 + 18. Calculate the highest common factor of k and d.
11
Suppose -152 - 108 = -p - 5*o, 0 = 3*p + 2*o - 728. Calculate the greatest common divisor of 25 and p.
5
Let b = -9 + 50. Suppose 0 = -5*k + 79 + b. Suppose -27 + 3 = -3*j. What is the highest common divisor of j and k?
8
Suppose -5*i + 145 = 25. Calculate the greatest common divisor of i and 56.
8
Suppose 5*j + 5*m = -120, 47 = -3*j - 3*m + 5*m. Let b = j + 21. Calculate the highest common divisor of 22 and b.
2
Suppose -8*v = 27*v - 1085. What is the highest common divisor of 403 and v?
31
Suppose 3076 = 14*u - 2314. Calculate the greatest common factor of u and 11.
11
Suppose -89 = 3*y + 19. Let h be (-712)/y + 4/18. Calculate the greatest common factor of h and 220.
20
Suppose -2*n + 30 = 4*n. Suppose 5*h = -2*q - 11, -2*q + n*h = q - 21. Calculate the greatest common factor of q and 34.
2
Let x = 25 + 22. Let h be x/9 + 18/(-81). Suppose 5*j + 0*l - 85 = 3*l, 0 = 5*j + h*l - 45. What is the greatest common divisor of 2 and j?
2
Let h(d) = 0*d**2 - 2 - d**2 - 2*d**2 + 2*d - d**3 - 2. Let m be h(-4). What is the highest common factor of 12 and m?
4
Let k = -19 + 2. Let n = 149 + k. Let u(f) = 2*f**3 - 2*f**2 + 2*f. Let r be u(2). What is the highest common factor of n and r?
12
Let a(k) = 49*k**2 + k - 4. Let o be a(-2). What is the greatest common divisor of 20 and o?
10
Let r(h) = 3*h**2 - 25*h - 178. Let f be r(-14). Calculate the greatest common divisor of 40 and f.
40
Let z be -3*11*7/(-21). Let m(h) = 4*h + 37. Let w(q) = q + 9. Let j(n) = -2*m(n) + 9*w(n). Let f be j(4). What is the highest common factor of z and f?
11
Suppose 17*n - 14*n - 54 = 0. Calculate the greatest common factor of 99 and n.
9
Let b(z) = -z**2. Let r be b(-1). Let y be -27*((-2)/(-6) + r). Let g = -325 - -327. Calculate the greatest common divisor of y and g.
2
Suppose 9*q = 4585 + 2219. Suppose 2*y - 6*y = -4*u + q, y = -2*u + 363. What is the greatest common factor of 23 and u?
23
Suppose 84 = 4*z + 10*u - 14*u, 0 = -4*u + 16. Let t = 46 + -21. Calculate the highest common factor of t and z.
25
Let k be 8 + -1 + -6 - (-2)/1. Suppose 4*l - 5*l + 75 = -5*c, -5*c + 205 = k*l. What is the greatest common divisor of 28 and l?
14
Let r be ((-6)/1)/(-2)*1 - -2. Suppose -11 = -4*v - q, -r*v + 3*q = -3*v - 23. Calculate the greatest common factor of v and 4.
4
Suppose -56 = -7*u - u. Suppose -3*z = c - 34 + u, 0 = -2*c + 2*z + 22. Calculate the greatest common factor of 5 and c.
5
Let i = 756 + -100. What is the highest common divisor of i and 16?
16
Let x(n) = 2*n**2 - 2*n + 3. Let w be x(-3). Let z = -177 - -186. Calculate the highest common factor of z and w.
9
Let i(l) = -l + 11. Let w be i(5). Let t be (-19)/57 - (-20)/6. What is the highest common factor of t and w?
3
Suppose 3*g - 9 = 15. What is the greatest common factor of g and 9?
1
Let l = 1586 - 1145. Calculate the highest common divisor of 196 and l.
49
Let r = -42 + 38. Let j be (r/14)/((-2)/98). What is the highest common factor of j and 98?
14
Let f be 7 + (-8 - -5 - 0). Suppose -f*w + w + 3*k + 60 = 0, 2*w = -2*k + 24. Suppose 0 = 5*o + 36 - 436. Calculate the greatest common factor of o and w.
16
Let d(t) = t**3 - 8*t**2 - 3*t + 2. Let r be d(9). Let h = -9 + 7. Let x(n) = 3*n**2 + 4*n + 3. Let i be x(h). Calculate the highest common factor of r and i.
7
Let k(x) = -20*x - 188. Let w be k(-23). What is the greatest common divisor of 34 and w?
34
Let c(w) = 76*w**2 - 8*w - 19. Let i be c(-3). Calculate the highest common divisor of i and 53.
53
Let f(w) = -17*w - 1. Suppose o + 1 = -0. Let b be f(o). Suppose -l + 2*i + 24 = -60, 5*l - 394 = -3*i. What is the highest common divisor of l and b?
16
Let b = -1610 - -1653. Calculate the highest common divisor of b and 2021.
43
Suppose -26 = -3*d + 7. Let q = 159 + -104. Calculate the greatest common divisor of d and q.
11
Let l be 58 - 2/(-6)*81/(-9). Suppose -l*h = -57*h + 70. Calculate the greatest common factor of h and 7.
7
Let q(n) = 3*n**2 - 23*n - 124. Let j be q(-7). What is the greatest common divisor of 161 and j?
23
Let w(u) = u**3 - 29*u**2 - 62*u + 12. Let m be w(31). What is the greatest common factor of 366 and m?
6
Suppose -q = -5*k + 30, 5*q = -25 - 0. Let d(w) = w**3 - 2*w**2 + 5*w + 8. Let n be d(k). Calculate the greatest common factor of n and 27.
27
Let w(n) = n**3 - 36*n**2 - 24*n - 46. Let h be w(37). What is the greatest common divisor of h and 15?
15
Suppose -9*k + 3 = -8*k. Suppose -4*p - p + 186 = 2*n, k*n + 5*p - 274 = 0. What is the highest common divisor of 8 and n?
8
Let z(y) = -3*y + 4*y - 11 + 5*y - y. Let u(c) = c**3 - 6*c**2 - 5*c - 7. Let g be u(7). Let p be z(g). What is the greatest common factor of p and 120?
24
Let f = 50 + 3. Calculate the greatest common divisor of f and 1.
1
Let n be (-6)/(-4)*(-84 - -176). Calculate the greatest com